 ((-60 - -100) + -7).
-28
What is -1 + 15 + 9 + -38?
-15
What is the value of -12 + (-16 - (-25 - (5 - 20)))?
-18
Evaluate (-15 - -44) + (1 - 9) + (-7 - -4).
18
Calculate (-6 - 13) + 29 + (-2 + 1 - -1).
10
11 + -4 + 1 + 1 + -18
-9
What is 8 + 3 + -1 + -1 + -10?
-1
(220 - 235) + (30 - 2)
13
What is the value of 16 + -33 + 15 - (1 - 8)?
5
What is -10 - (4 - (-2 - 2) - 34)?
16
What is the value of -9 + (-4 + -1 - (108 - 129)) + -22?
-15
Evaluate (10 - 2) + (10 - (1 - -11)).
6
What is the value of 0 + (1 - 1) + (34 + -70 - -58)?
22
What is -15 + 6 + (5 - 2) + 1?
-5
What is (1 - 7) + 2 + -4?
-8
(-18 - (16 - 28)) + 15
9
Calculate 1 + 5 + (-17 - -48 - 27).
10
Calculate -8 - (2 + -10 + 13).
-13
What is the value of 333 - 340 - ((1 - -1) + -15)?
6
Calculate 15 - (8 + -8 - -17).
-2
Calculate ((-10 - -18) + -13 - -11) + -12.
-6
(16 - -1) + 1 + -7 + (-10 - -13)
14
What is 12 + -2 + 1 + -1 + -10 + -10?
-10
Calculate 2 + -9 + -8 - -12.
-3
-44 + (37 - 16) - 4
-27
What is 183 + -217 - (-44 - -1)?
9
Calculate 13 + -21 + 10 - 7.
-5
Evaluate -14 + (14 - -10) - 20.
-10
What is the value of (-13 - -15) + (9 - 5)?
6
Evaluate 7 - -2 - (-6 + 11) - (10 + 4).
-10
Calculate -271 + 306 - (30 - 0).
5
(52 - 51) + (11 - 3)
9
What is -5 - 4 - (-66 + 68)?
-11
Evaluate -5 - (-18 + (-8 - (-48 + -1))).
-28
What is 2 + (12 + -6 - 2) - -8?
14
What is the value of -7 + (51 - 20) + -12?
12
What is the value of 2 + (15 - 4) - (3 + -6)?
16
What is (-8 - (8 + -11)) + -5?
-10
Calculate -3 - ((28 - 35) + -2 + -3 + -1).
10
Calculate 19 + (-4 + -5 - -3) - 4.
9
Evaluate 5 - (7 + 7 + -22 - 3).
16
What is the value of (-3 - 17) + 39 + -21?
-2
0 - -1 - (10 + -15 + 5)
1
Evaluate -3 + (-5 + 6 - (1 + -14 + -1)).
12
What is 3 + 1 + -1 - (-12 + 29) - -6?
-8
-1 + 2 + (-1162 - -1191)
30
What is 2 + -9 + (-4 - -11) + -5?
-5
What is (-1 - 4) + 112 + -101?
6
-2 - (-83 + 77 + (-24 - 1) + -1)
30
Evaluate (-6 - (6 - 6)) + (-7 - -7).
-6
Calculate 3 + -20 + -5 + 18.
-4
29 + -1 + (-7 - 11) - 24
-14
What is the value of -69 + 56 - (-28 - (15 + -7))?
23
What is the value of -2 + (21 - 17 - 12 - -25)?
15
What is the value of 1 + (35 - 18) - 28?
-10
(-8 - -6) + -20 + (5 - 5 - -4)
-18
Calculate -14 + -14 + (18 - 16) + 6.
-20
What is (5 - (15 - -1)) + 17 - (-3 - -13)?
-4
What is 4 - 5 - 6 - (9 - (22 + -4))?
2
What is the value of (109 - 125) + -2 + -6 - (4 + 0)?
-28
Calculate 23 - (-13 - (-27 - 2)).
7
Calculate -20 + 1 - (638 - 685).
28
What is the value of (-5 - (3 + 7 + (-7 - 0))) + 1?
-7
Calculate 6 + 3 + -9 + (5 - -8).
13
What is 16 + 0 + 14 + -15?
15
Calculate (3 - (10 - (-8 + (7 - -6)))) + 1.
-1
Evaluate (-1 - -2) + (-22 - -38) - 12.
5
What is -9 + 0 + 3 - -3 - (-10 - -4)?
3
(1 - (6 + -8) - -6) + -10
-1
13 + (-11 - -5 - 3 - 2)
2
13 + -8 - (-5 + 8 + 1 + 4)
-3
(0 - 5 - 0) + 14 - 12
-3
What is 2 + 6 - (-1 + (5 - 5))?
9
Evaluate -14 - 0 - (30 + (75 - 135)).
16
6 - (-25 - -4 - -9 - -6)
12
Calculate (610 - 613) + (-13 - 1).
-17
(-1 - 1) + -5 + (23 - (14 + -7))
9
Evaluate -319 + 339 + (-8 - 1).
11
What is 1 + (41 + -17 - 28)?
-3
Calculate 0 + -41 + (-1808 - -1840).
-9
Calculate -17 - (-8 + 36 - 33).
-12
1 - (0 - (0 + -20 - -2))
-17
What is the value of 0 - (-2 + 21 + (33 - 31))?
-21
What is the value of 6 - (-15 - (1 + 5 + 62 + -70))?
19
What is the value of 6 + 8 + -8 + -17?
-11
Calculate -11 + 13 + 4 + (-2 - 4).
0
What is -193 - -161 - (-19 + 1)?
-14
Evaluate -27 + (6 - (9 + -15 + 0)).
-15
What is the value of -7 + -5 + -6 - (-5 + 2 + -3)?
-12
What is the value of 21 - (15 + -3) - 5?
4
Calculate 18 + -2 + (26 - 39).
3
Evaluate 5 - (4 - -9 - (14 + -2)).
4
Evaluate -11 + -2 + (-9 - 1 - (-126 + 106)).
-3
-27 + 3 - -15 - (-2 - (27 - -2))
22
2 + (56 - 49 - (6 + 1))
2
Evaluate 6 - (-13 + 18 + 3 + (0 - -4)).
-6
Calculate 36 - (40 - (3 - -13)).
12
What is the value of -6 + (9 - (-1 + -1) - 7) + 0?
-2
Evaluate 0 + -19 + (2 - (10 + -8)).
-19
What is -8 - (-23 + 21 - (7 + 0))?
1
Evaluate 4 - (-4 + 8) - (-5 + 0).
5
What is the value of 3 + 11 + -29 - 7?
-22
-6 + -1 - (-54 + 23 + -11)
35
What is the value of 34 - (10 - (-10 - 5 - -10))?
19
What is the value of -12 + 23 - (-7 + 5)?
13
What is the value of -199 + 197 - (7 - 4 - 24)?
19
What is (-3 - (-18 - -21)) + (1 - 2 - 7)?
-14
Calculate 13 + (-7 - 7) - 7.
-8
Calculate (32 - 54) + 8 + (4 - -18).
8
Evaluate -13 - ((5 - 11) + 0) - (2 + -14).
5
What is the value of 9 - (-12 + 2 + -4 + 11)?
12
Calculate (8 - (14 + 2)) + (3 - 1 - 6).
-12
16 - (-25 - (-31 - -13))
23
Calculate -8 + (3 - (7 + -5 + (-1 - 5))).
-1
What is (5 - (4 + 12 + -6)) + -11?
-16
Evaluate -8 + 8 + -2 + -5.
-7
Calculate -10 - (-9 - (-1 - (22 + -7 + -5))).
-12
What is the value of 33 + (26 - 35 - (-4 - (1 + 3)))?
32
Evaluate 46 + -40 + (-4 + (2 - 2) - 11).
-9
Calculate (-12 - (2 + (-9 - -4) + -1)) + 20.
12
Evaluate -26 + (-7 - (-41 + 20)) - -3.
-9
Calculate (14 - 1) + 399 + -422.
-10
What is the value of (-66 - -67) + (0 - (-6 - -3))?
4
16 + 7 + 4 + 6 + -4 + -2
27
What is the value of (-13 - -29) + -40 + 12?
-12
Evaluate 1 - -11 - (416 + -417).
13
15 + -13 + -5 + 9 - (11 - 4)
-1
What is 22 - 11 - (-12 - -27)?
-4
20 - (14 + -6) - 4
8
Evaluate -9 + 10 + 16 + -7.
10
What is the value of -3 - (-4 + 2 + -24 + 22 - -7)?
-6
What is -14 + -1 + -11 + 40 + -11 + -12?
-9
16 - (-32 + -14 - -31)
31
-1 + -3 - (-1 - 3) - (-140 - -118)
22
Calculate 4 - (-11 + 14 - (-1 + -10 + 3)).
-7
-4 - (3 + -20) - (463 + -481)
31
1 - 22 - (603 + -647)
23
Calculate (-3 - ((-9 + 10 - -2) + -14)) + -5.
3
Evaluate -15 + -26 + 23 + -13.
-31
4 + (-28 - -48) - 56
-32
(0 - -1) + (-23 - (-3 - 29))
10
Calculate (648 - 639) + (4 - 2).
11
Calculate 9 + (8 - (14 - 8 - 7)) + 1.
19
Evaluate -1 - (64 + -32 + -2).
-31
What is 13 + 8 + (4 + 0 - 12)?
13
What is the value of -3 + (8 - 1) + (-4 - -1)?
1
-15 + -8 + 37 + 0 + -1
13
What is -15 - -4 - -8 - -5 - -5?
7
-2 - (12 - (29 - (10 + 8 + -22)))
19
4 - (-9 + -2 - (-1 + -8 + 3))
9
-10 + 1 - -3 - 3
-9
Evaluate (-3 - -1) + 3 + (13 - 17) + -7.
-10
Calculate 1 - 0 - (-48 + 17 - -39).
-7
Evaluate (-14 - (23 - 53)) + (-3 + 1 - 4).
10
-2 + (1 + -8 + -3 - -17)
5
Calculate -20 + (12 - (-12 - -10 - 0)).
-6
-19 - (-61 - -40) - (2 + (-33 - 2))
35
What is the value of -16 + 0 - (468 + -508)?
24
What is the value of 6 - (8 + 1) - (-2 - -13 - 7)?
-7
What is the value of 4 + (-24 - -19) - (-1 - -13)?
-13
What is (14 - 7) + -17 + 11?
1
What is the value of 36 + 27 + -64 + 24?
23
Evaluate 3 - 0 - (-5 + 11 + -5).
2
What is the value of -2 + (1 - 4) - (-3 - (-5 - -6))?
-1
Evaluate -1 + (9 - 8) + -7 - -11.
4
Calculate -2 + 4 - (86 + -94).
10
What is (3 - 7) + 6 + -1 + 5 + 0?
6
Evaluate (0 - 1 - (-11 + 8)) + 0 + 2.
4
Evaluate 16 + 5 + -5 + -6.
10
What is the value of -9 - (-9 - (-15 - (-3 - -5)))?
-17
What is 0 - ((2 - 5) + -6 - -4) - -3?
8
30 - (34 - 32 - -17)
11
-2 + -13 + 163 + -153
-5
Calculate -186 - -181 - (-11 - -2 - (1 + -2)).
3
What is the value of -10 + 4 + 4 - 15 - (1 - -3)?
-21
Calculate -4 + (9 - 9 - 8 - -14).
2
Calculate (19 + -8 - (-5 + 7)) + 26.
35
What is (-2 - (-20 + 3)) + (86 - 110)?
-9
(99 - 113) + (-7 - -2)
-19
Calculate -1 + -3 - (21 + (-33 - -19)).
-11
18 + (-9 - -14) - 38
-15
3 - (-13 - (-4 + 3) - (17 - 36))
-4
(-118 - -100) + 1 + -2
-19
What is -35 + -84 + 100 + -4 + 0?
-23
Evaluate 0 + 11 - (-15 + 20 + -17 - -13).
10
What is the value of (12 + -9 + 5 - -2) + 8?
18
Evaluate 14 - -2 - (4 - (-5 - -8)).
15
Evaluate 48 + (-41 - 24) + 30.
13
Evaluate -3 - 3 - (170 + -183).
7
Calculate 6 + (-13 - -8) + 1 + 5.
7
Evaluate -16 + (-6 - (6 - 20)) + 3.
-5
Calculate 17 - (22 - -17 - 12).
-10
Evaluate 2 - 1 - ((16 - 18) + 5).
-2
Evaluate 1 - 10 - (2 - 4 - 0) - 6.
-13
What is (-15 - (-20 - -23)) + 26?
8
Calculate 7 + 2 + (-3 - -5) + -5.
6
Evaluate -6 + 6 + (-6 - -11) + -11.
-6
What is 0 + -1 + -7 + 70 + (-159 - -91)?
-6
Evaluate (-15 - -1) + (16 - (9 + 0)) + -13.
-20
Calculate 52 + -24 - (-2 - (4 + (3 - 17))).
20
Evaluate 27 - (5 - 8) - 19.
11
What is the value of -2 + 3 + -3 + 9 - 5?
2
Evaluate -12 + (19 - (4 - -11)).
-8
What is 3 + 10 - (-48 + 61)?
0
What is the value of 0 + 15 + -1 + (-28 - -12)?
-2
Evaluate -22 - ((0 - -10) + -19).
-13
What is the value of -37 + 37 + -7 - (1 + 6)?
-14
What is (22 - ((21 - 18) + 17)) + 0 + 25?
27
What is 24 - (-4 - (23 - 41))?
10
Calculate 14 - -4 - (-7 - 5 - -15).
15
-3 + 3 + (12 - (-